{"id":73,"date":"2021-12-29T06:15:58","date_gmt":"2021-12-29T09:15:58","guid":{"rendered":"http:\/\/sw-themes.com\/porto_dummy\/?page_id=73"},"modified":"2026-03-10T23:18:12","modified_gmt":"2026-03-11T02:18:12","slug":"contato","status":"publish","type":"page","link":"https:\/\/dornelesassessoria.com.br\/index.php\/contato\/","title":{"rendered":"Contato"},"content":{"rendered":"<div class=\"wpb-content-wrapper\"><p>[vc_row full_width=&#8221;stretch_row_content_no_spaces&#8221;][vc_column][vc_gmaps link=&#8221;#E-8_aHR0cHMlM0ElMkYlMkZtYXBzLmFwcC5nb28uZ2wlMkZWalc4eE1HRmZySkxtMkRZOQ==&#8221; css=&#8221;&#8221; css_params=&#8221;&#8221;][\/vc_column][\/vc_row][vc_row wrap_container=&#8221;yes&#8221; el_class=&#8221;m-b-xl&#8221;][vc_column width=&#8221;1\/2&#8243;]\n<div class=\"wpcf7 no-js\" id=\"wpcf7-f74-o1\" lang=\"en-US\" dir=\"ltr\" data-wpcf7-id=\"74\">\n<div class=\"screen-reader-response\"><p role=\"status\" aria-live=\"polite\" aria-atomic=\"true\"><\/p> <ul><\/ul><\/div>\n<form action=\"\/index.php\/wp-json\/wp\/v2\/pages\/73#wpcf7-f74-o1\" method=\"post\" class=\"wpcf7-form init\" aria-label=\"Contact form\" novalidate=\"novalidate\" data-status=\"init\">\n<fieldset class=\"hidden-fields-container\"><input type=\"hidden\" name=\"_wpcf7\" value=\"74\" \/><input type=\"hidden\" name=\"_wpcf7_version\" value=\"6.1.5\" \/><input type=\"hidden\" name=\"_wpcf7_locale\" value=\"en_US\" \/><input type=\"hidden\" name=\"_wpcf7_unit_tag\" value=\"wpcf7-f74-o1\" \/><input type=\"hidden\" name=\"_wpcf7_container_post\" value=\"0\" \/><input type=\"hidden\" name=\"_wpcf7_posted_data_hash\" value=\"\" \/>\n<\/fieldset>\n<h2 class=\"short mb-2\"><b>Fale<\/b> Conosco<\/h2>\n<p class=\"mb-5\">Fique \u00e0 vontade para pedir mais detalhes sobre nossos sevi\u00e7os<\/p>\n<div class=\"row form-row\">\n    <div class=\"col-lg-6\">\n        <div class=\"form-group\">\n            <label for=\"contact-name\" class=\"font-weight-bold text-dark\">Seu Nome *<\/label>\n            <span class=\"wpcf7-form-control-wrap\" data-name=\"your-name\"><input size=\"40\" maxlength=\"400\" class=\"wpcf7-form-control wpcf7-text wpcf7-validates-as-required form-control\" id=\"contact-name\" aria-required=\"true\" aria-invalid=\"false\" value=\"\" type=\"text\" name=\"your-name\" \/><\/span>\n        <\/div>\n    <\/div>\n    <div class=\"col-lg-6\">\n        <div class=\"form-group\">\n            <label for=\"contact-email\" class=\"font-weight-bold text-dark\">Seu endere\u00e7o de E-mail *<\/label>\n            <span class=\"wpcf7-form-control-wrap\" data-name=\"your-email\"><input size=\"40\" maxlength=\"400\" class=\"wpcf7-form-control wpcf7-email wpcf7-validates-as-required wpcf7-text wpcf7-validates-as-email form-control\" id=\"contact-email\" aria-required=\"true\" aria-invalid=\"false\" value=\"\" type=\"email\" name=\"your-email\" \/><\/span>\n        <\/div>\n    <\/div>\n    <div class=\"col-lg-12\">\n        <div class=\"form-group\">\n            <label for=\"contact-subject\" class=\"font-weight-bold text-dark\">Assunto<\/label>\n            <span class=\"wpcf7-form-control-wrap\" data-name=\"your-subject\"><input size=\"40\" maxlength=\"400\" class=\"wpcf7-form-control wpcf7-text form-control\" id=\"contact-subject\" aria-invalid=\"false\" value=\"\" type=\"text\" name=\"your-subject\" \/><\/span>\n        <\/div>\n    <\/div>\n    <div class=\"col-lg-12\">\n        <div class=\"form-group\">\n            <label for=\"contact-message\" class=\"font-weight-bold text-dark\">Sua mensagem<\/label>\n            <span class=\"wpcf7-form-control-wrap\" data-name=\"your-message\"><textarea cols=\"40\" rows=\"10\" maxlength=\"2000\" class=\"wpcf7-form-control wpcf7-textarea form-control\" id=\"contact-message\" aria-invalid=\"false\" name=\"your-message\"><\/textarea><\/span>\n        <\/div>\n    <\/div>\n    <div class=\"col-lg-12\">\n        <div class=\"form-group\">\n            <input class=\"wpcf7-form-control wpcf7-submit has-spinner btn btn-primary btn-modern\" type=\"submit\" value=\"Enviar Mensagem\" \/>\n        <\/div>\n    <\/div>\n<\/div><div class=\"wpcf7-response-output\" aria-hidden=\"true\"><\/div>\n<\/form>\n<\/div>\n[\/vc_column][vc_column width=&#8221;1\/2&#8243; el_class=&#8221;info-box-small&#8221;][vc_custom_heading text=&#8221;Nosso <strong>Escrit\u00f3rio<\/strong>&#8221; font_container=&#8221;tag:h2|font_size:29|text_align:left|color:%23000000&#8243; use_theme_fonts=&#8221;yes&#8221; skin=&#8221;tertiary&#8221;]<div class=\"porto-sicon-box  wpb_custom_991192e517ba80822b25b68bbbc51b14 style_1 default-icon\"><div class=\"porto-sicon-default\"><div class=\"porto-just-icon-wrapper porto-icon none\" style=\"color:#3c3f90;font-size:20px;\"><i class=\"fas fa-map-marker-alt\"><\/i><\/div><\/div><div class=\"porto-sicon-header\"><p><strong>Endere\u00e7o:<\/strong> Av. Olavo Moraes, 644 - Sala 505 | Condom\u00ednio Executive Center<br \/>\nCEP: 96.780-070 Camaqu\u00e3, RS<\/p><\/div> <!-- header --><\/div><!-- porto-sicon-box --><a class=\"porto-sicon-box-link\" href=\"https:\/\/wa.me\/51986570157\"><div class=\"porto-sicon-box  wpb_custom_991192e517ba80822b25b68bbbc51b14 style_1 default-icon\"><div class=\"porto-sicon-default\"><div class=\"porto-just-icon-wrapper porto-icon none\" style=\"color:#3c3f90;font-size:20px;\"><i class=\"fab fa-whatsapp\"><\/i><\/div><\/div><div class=\"porto-sicon-header\"><p><strong>Telefone<\/strong>: (51) 98657-0157<\/p><\/div> <!-- header --><\/div><!-- porto-sicon-box --><\/a><div class=\"porto-sicon-box  wpb_custom_991192e517ba80822b25b68bbbc51b14 style_1 default-icon\"><div class=\"porto-sicon-default\"><div class=\"porto-just-icon-wrapper porto-icon none\" style=\"color:#3c3f90;font-size:20px;\"><i class=\"fas fa-at\"><\/i><\/div><\/div><div class=\"porto-sicon-header\"><p><strong>Email<\/strong>: administrativo@dornelesassessoria.com.br<\/p><\/div> <!-- header --><\/div><!-- porto-sicon-box -->[vc_custom_heading text=&#8221;Hor\u00e1rio <strong>Comercial<\/strong>&#8221; font_container=&#8221;tag:h2|font_size:29|text_align:left&#8221; use_theme_fonts=&#8221;yes&#8221; skin=&#8221;tertiary&#8221; el_class=&#8221;mt-5&#8243;]<div class=\"porto-sicon-box  wpb_custom_991192e517ba80822b25b68bbbc51b14 style_1 default-icon\"><div class=\"porto-sicon-default\"><div class=\"porto-just-icon-wrapper porto-icon none\" style=\"color:#3c3f90;font-size:20px;\"><i class=\"far fa-clock\"><\/i><\/div><\/div><div class=\"porto-sicon-header\"><p>De Segunda \u00e0 Sexta, das 9h \u00e0s 17:30h<\/p><\/div> <!-- header --><\/div><!-- porto-sicon-box -->[vc_custom_heading text=&#8221;Entre em <strong>Contato<\/strong>&#8221; font_container=&#8221;tag:h2|font_size:29|text_align:left&#8221; use_theme_fonts=&#8221;yes&#8221; skin=&#8221;tertiary&#8221; el_class=&#8221;mt-5&#8243;][vc_column_text]<\/p>\n<p class=\"lead font-size-lg\">A Dorneles Contabilidade e Assessoria tem o objetivo de estar sempre pr\u00f3xima de seus clientes. Para isso, disponibiliza v\u00e1rios canais de comunica\u00e7\u00e3o, sempre procurando o m\u00e1ximo de agilidade nos contatos.<\/p>\n<p>[\/vc_column_text][\/vc_column][\/vc_row][vc_row wrap_container=&#8221;yes&#8221; el_class=&#8221;call-to-action-in-footer&#8221; css=&#8221;.vc_custom_1542186798701{background-color: #f7f7f7 !important;}&#8221;][vc_column][vc_cta h2=&#8221;Com o <b> eContador<\/b> voc\u00ea reduz rotinas e <b> automatiza <\/b>processos&#8221; txt_align=&#8221;center&#8221; shape=&#8221;square&#8221; style=&#8221;flat&#8221; color=&#8221;white&#8221; add_button=&#8221;right&#8221; btn_title=&#8221;Comece agora&#8221; btn_style=&#8221;modern&#8221; btn_color=&#8221;primary&#8221; btn_size=&#8221;lg&#8221; btn_align=&#8221;center&#8221; btn_skin=&#8221;quaternary&#8221; btn_show_arrow=&#8221;yes&#8221; css=&#8221;.vc_custom_1642703598255{background-color: #f7f7f7 !important;}&#8221; btn_el_class=&#8221;btn-call-to-action&#8221; el_class=&#8221;mb-0&#8243;]<span style=\"color: #3c3f90;\">Solicite uma visita para demonstra\u00e7\u00e3o de nossas solu\u00e7\u00f5es<\/span>[\/vc_cta][\/vc_column][\/vc_row]<\/p>\n<\/div>","protected":false},"excerpt":{"rendered":"<p>[vc_row full_width=&#8221;stretch_row_content_no_spaces&#8221;][vc_column][vc_gmaps link=&#8221;#E-8_aHR0cHMlM0ElMkYlMkZtYXBzLmFwcC5nb28uZ2wlMkZWalc4eE1HRmZySkxtMkRZOQ==&#8221; css=&#8221;&#8221; css_params=&#8221;&#8221;][\/vc_column][\/vc_row][vc_row wrap_container=&#8221;yes&#8221; el_class=&#8221;m-b-xl&#8221;][vc_column width=&#8221;1\/2&#8243;][\/vc_column][vc_column width=&#8221;1\/2&#8243; el_class=&#8221;info-box-small&#8221;][vc_custom_heading text=&#8221;Nosso Escrit\u00f3rio&#8221; font_container=&#8221;tag:h2|font_size:29|text_align:left|color:%23000000&#8243; use_theme_fonts=&#8221;yes&#8221; skin=&#8221;tertiary&#8221;][vc_custom_heading text=&#8221;Hor\u00e1rio Comercial&#8221; font_container=&#8221;tag:h2|font_size:29|text_align:left&#8221; use_theme_fonts=&#8221;yes&#8221; skin=&#8221;tertiary&#8221; el_class=&#8221;mt-5&#8243;][vc_custom_heading text=&#8221;Entre em Contato&#8221; font_container=&#8221;tag:h2|font_size:29|text_align:left&#8221; use_theme_fonts=&#8221;yes&#8221; skin=&#8221;tertiary&#8221; el_class=&#8221;mt-5&#8243;][vc_column_text] A Dorneles Contabilidade e Assessoria tem o objetivo de estar sempre pr\u00f3xima de seus clientes. Para isso, disponibiliza v\u00e1rios canais de comunica\u00e7\u00e3o, sempre procurando o m\u00e1ximo de [&hellip;]<\/p>\n","protected":false},"author":3,"featured_media":0,"parent":0,"menu_order":0,"comment_status":"closed","ping_status":"closed","template":"","meta":{"footnotes":""},"class_list":["post-73","page","type-page","status-publish","hentry"],"_links":{"self":[{"href":"https:\/\/dornelesassessoria.com.br\/index.php\/wp-json\/wp\/v2\/pages\/73","targetHints":{"allow":["GET"]}}],"collection":[{"href":"https:\/\/dornelesassessoria.com.br\/index.php\/wp-json\/wp\/v2\/pages"}],"about":[{"href":"https:\/\/dornelesassessoria.com.br\/index.php\/wp-json\/wp\/v2\/types\/page"}],"author":[{"embeddable":true,"href":"https:\/\/dornelesassessoria.com.br\/index.php\/wp-json\/wp\/v2\/users\/3"}],"replies":[{"embeddable":true,"href":"https:\/\/dornelesassessoria.com.br\/index.php\/wp-json\/wp\/v2\/comments?post=73"}],"version-history":[{"count":47,"href":"https:\/\/dornelesassessoria.com.br\/index.php\/wp-json\/wp\/v2\/pages\/73\/revisions"}],"predecessor-version":[{"id":3470,"href":"https:\/\/dornelesassessoria.com.br\/index.php\/wp-json\/wp\/v2\/pages\/73\/revisions\/3470"}],"wp:attachment":[{"href":"https:\/\/dornelesassessoria.com.br\/index.php\/wp-json\/wp\/v2\/media?parent=73"}],"curies":[{"name":"wp","href":"https:\/\/api.w.org\/{rel}","templated":true}]}}