{"id":143,"date":"2016-06-20T07:48:11","date_gmt":"2016-06-20T07:48:11","guid":{"rendered":"http:\/\/sw-themes.com\/porto_dummy\/?page_id=143"},"modified":"2026-03-10T23:15:24","modified_gmt":"2026-03-11T02:15:24","slug":"home","status":"publish","type":"page","link":"https:\/\/dornelesassessoria.com.br\/","title":{"rendered":"Home"},"content":{"rendered":"<div class=\"wpb-content-wrapper\"><p>[vc_row wrap_container=&#8221;yes&#8221; gap=&#8221;1&#8243; el_class=&#8221;p-t-xxl&#8221; conditional_render=&#8221;%5B%7B%22value_role%22%3A%22administrator%22%7D%5D&#8221; css_params=&#8221;&#8221;][vc_column width=&#8221;5\/6&#8243; offset=&#8221;vc_col-sm-offset-1&#8243;]<h1 class=\"word-rotator slide short\" data-appear-animation=\"fadeInUp\" style=\"font-size:32px;text-align:center;\" data-plugin-options=\"{'waittime': 2500, 'pauseOnHover': false}\"><span class=\"word-rotate-prefix\" style=\"font-weight:700;font-size:32px !important;color:#00ccff;\">eContador \u00e9<\/span> <span class=\"word-rotator-items has-bg\" style=\"font-family:&#039;Open Sans&#039;;font-weight:700;color:#ffffff;background:#3e4095;\"><b class=\"active\">Autom\u00e1tico<\/b><b>Centralizado<\/b><b>Pr\u00e1tico<\/b><b>Eficiente<\/b><\/span> <span class=\"word-rotate-suffix\" style=\"font-weight:700;font-size:32px !important;color:#00ccff;\">para seu processo cont\u00e1bil<\/span><\/h1>[vc_column_text]<\/p>\n<p style=\"text-align: center;\"><span style=\"color: #3e4095; font-size: 23px;\">O dia a dia do contador envolve troca de informa\u00e7\u00f5es com seu cliente e a velocidade nessa comunica\u00e7\u00e3o influencia diretamente nas rotinas trazendo, ou n\u00e3o, otimiza\u00e7\u00e3o e praticidade para todos.<\/span><\/p>\n<p>[\/vc_column_text][\/vc_column][\/vc_row][vc_row wrap_container=&#8221;yes&#8221; no_padding=&#8221;yes&#8221; el_class=&#8221;p-b-md&#8221; css=&#8221;.vc_custom_1641215279453{padding-top: 60px !important;padding-bottom: 60px !important;background-color: #f4f4f4 !important;}&#8221;][vc_column el_class=&#8221;info-box-small-wrap section-info-boxes&#8221;][vc_custom_heading text=&#8221;Nossos <b>Servi\u00e7os<\/b>&#8221; font_container=&#8221;tag:h2|font_size:28|text_align:left&#8221; use_theme_fonts=&#8221;yes&#8221;][vc_row_inner][vc_column_inner width=&#8221;1\/2&#8243;]<div class=\"porto-sicon-box mb-4  wpb_custom_bab17efab443f3b4804a02ee347e10ef style_2 left-icon\"><div class=\"porto-sicon-left\"><div class=\"porto-just-icon-wrapper porto-icon none\" style=\"color:#00ccff;font-size:34px;\"><i class=\"fas fa-search-dollar\"><\/i><\/div><\/div><div class=\"porto-sicon-body\"><div class=\"porto-sicon-header\"><a class=\"porto-sicon-box-link\" href=\"https:\/\/dornelesassessoria.com.br\/index.php\/fiscal\/\" title='Servi\u00e7o Fiscal'><h3 class=\"porto-sicon-title\" style=\"\">Fiscal<\/h3><\/a><\/div> <!-- header --><div class=\"porto-sicon-description\" style=\"\"><span style=\"font-size: 17px;\">Respons\u00e1vel pela escritura\u00e7\u00e3o dos livros fiscais, bem como da an\u00e1lise e aplica\u00e7\u00e3o de ferramentas para que a empresa tenha a melhor forma de tributa\u00e7\u00e3o.<\/span><\/div> <!-- description --><\/div><\/div><!-- porto-sicon-box -->[\/vc_column_inner][vc_column_inner width=&#8221;1\/2&#8243;]<div class=\"porto-sicon-box mb-4  wpb_custom_50dce9ce44f628c750ddc7e3f82f8a4f style_2 left-icon\"><div class=\"porto-sicon-left\"><div class=\"porto-just-icon-wrapper porto-icon none\" style=\"color:#00ccff;font-size:34px;margin-right:10px;\"><i class=\"fas fa-user-plus\"><\/i><\/div><\/div><div class=\"porto-sicon-body\"><div class=\"porto-sicon-header\"><a class=\"porto-sicon-box-link\" href=\"https:\/\/dornelesassessoria.com.br\/index.php\/servico-pessoal\/\" title='Servi\u00e7o Pessoal'><h3 class=\"porto-sicon-title\" style=\"\">Pessoal<\/h3><\/a><\/div> <!-- header --><div class=\"porto-sicon-description\" style=\"\"><span style=\"font-size: 17px;\">Departamento respons\u00e1vel por toda rotina trabalhista da empresa desde a admiss\u00e3o at\u00e9 a demiss\u00e3o. Elabora\u00e7\u00e3o e orienta\u00e7\u00e3o das exig\u00eancias e rotinas trabalhistas.<\/span><\/div> <!-- description --><\/div><\/div><!-- porto-sicon-box -->[\/vc_column_inner][\/vc_row_inner][vc_row_inner][vc_column_inner width=&#8221;1\/2&#8243;]<div class=\"porto-sicon-box mb-4  wpb_custom_bab17efab443f3b4804a02ee347e10ef style_2 left-icon\"><div class=\"porto-sicon-left\"><div class=\"porto-just-icon-wrapper porto-icon none\" style=\"color:#00ccff;font-size:34px;\"><i class=\"fas fa-calculator\"><\/i><\/div><\/div><div class=\"porto-sicon-body\"><div class=\"porto-sicon-header\"><a class=\"porto-sicon-box-link\" href=\"https:\/\/dornelesassessoria.com.br\/index.php\/servico-contabil\/\" title='Servi\u00e7o Cont\u00e1bil'><h3 class=\"porto-sicon-title\" style=\"\">Cont\u00e1bil<\/h3><\/a><\/div> <!-- header --><div class=\"porto-sicon-description\" style=\"\"><span style=\"font-size: 17px;\">Respons\u00e1vel pelo registro e avalia\u00e7\u00e3o das informa\u00e7\u00f5es econ\u00f4micas e finalidade de proporcionar a seus gestores ferramentas para tomada de decis\u00e3o.<\/span><\/div> <!-- description --><\/div><\/div><!-- porto-sicon-box -->[\/vc_column_inner][vc_column_inner width=&#8221;1\/2&#8243;]<div class=\"porto-sicon-box mb-4  wpb_custom_bab17efab443f3b4804a02ee347e10ef style_2 left-icon\"><div class=\"porto-sicon-left\"><div class=\"porto-just-icon-wrapper porto-icon none\" style=\"color:#00ccff;font-size:34px;\"><i class=\"fas fa-donate\"><\/i><\/div><\/div><div class=\"porto-sicon-body\"><div class=\"porto-sicon-header\"><a class=\"porto-sicon-box-link\" href=\"https:\/\/dornelesassessoria.com.br\/index.php\/servico-tributario\/\" title='Servi\u00e7o Tribut\u00e1rio'><h3 class=\"porto-sicon-title\" style=\"\">Tribut\u00e1rio<\/h3><\/a><\/div> <!-- header --><div class=\"porto-sicon-description\" style=\"\"><span style=\"font-size: 17px;\">Respons\u00e1vel pela an\u00e1lise e aplica\u00e7\u00e3o de ferramentas para que a empresa tenha a melhor forma de tributa\u00e7\u00e3o com planejamento tribut\u00e1rio a curto, m\u00e9dio e longo prazo<\/span><\/div> <!-- description --><\/div><\/div><!-- porto-sicon-box -->[\/vc_column_inner][\/vc_row_inner][vc_row_inner][vc_column_inner width=&#8221;1\/2&#8243;]<div class=\"porto-sicon-box mb-4  wpb_custom_bab17efab443f3b4804a02ee347e10ef style_2 left-icon\"><div class=\"porto-sicon-left\"><div class=\"porto-just-icon-wrapper porto-icon none\" style=\"color:#00ccff;font-size:34px;margin-right:10px;\"><i class=\"far fa-address-card\"><\/i><\/div><\/div><div class=\"porto-sicon-body\"><div class=\"porto-sicon-header\"><a class=\"porto-sicon-box-link\" href=\"https:\/\/dornelesassessoria.com.br\/index.php\/servico-societario\/\" title='Servi\u00e7o Societ\u00e1rio'><h3 class=\"porto-sicon-title\" style=\"\">Societ\u00e1rio<\/h3><\/a><\/div> <!-- header --><div class=\"porto-sicon-description\" style=\"\"><span style=\"font-size: 17px;\">Servi\u00e7os providos pelo Departamento Societ\u00e1rio: Abertura de Empresas, Altera\u00e7\u00e3o Contratual e Encerramento de Empresas.<\/span><\/div> <!-- description --><\/div><\/div><!-- porto-sicon-box -->[\/vc_column_inner][vc_column_inner width=&#8221;1\/2&#8243;][\/vc_column_inner][\/vc_row_inner][\/vc_column][\/vc_row][vc_row wrap_container=&#8221;yes&#8221; el_class=&#8221;home-intro home-intro-primary&#8221; css=&#8221;.vc_custom_1757515684081{padding-top: 25px !important;padding-bottom: 25px !important;background-color: #00ccff !important;}&#8221; conditional_render=&#8221;%5B%7B%22value_role%22%3A%22administrator%22%7D%5D&#8221; css_params=&#8221;&#8221;][vc_column width=&#8221;2\/3&#8243;][vc_custom_heading text=&#8221;Gostaria de enviar e receber informa\u00e7\u00f5es de forma centralizada e segura, reduzindo custos operacionais com impress\u00f5es, liga\u00e7\u00f5es e locomo\u00e7\u00e3o?&#8221; font_container=&#8221;tag:h2|font_size:32|text_align:left|color:%23ffffff&#8221; use_theme_fonts=&#8221;yes&#8221; font_weight=&#8221;600&#8243;][\/vc_column][vc_column width=&#8221;1\/3&#8243; el_class=&#8221;get-started&#8221;][vc_empty_space height=&#8221;25px&#8221;][vc_btn title=&#8221;Quero saber&#8221; style=&#8221;custom&#8221; custom_background=&#8221;#3e4095&#8243; custom_text=&#8221;#ffffff&#8221; shape=&#8221;square&#8221; align=&#8221;left&#8221; btn_fs=&#8221;28&#8243; btn_fw=&#8221;600&#8243; link=&#8221;url:https%3A%2F%2Fdornelesassessoria.com.br%2Findex.php%2Fcontato%2F|title:contato&#8221; btn_px=&#8221;20&#8243; btn_py=&#8221;15&#8243; animation_type=&#8221;bounce&#8221;][\/vc_column][\/vc_row][vc_row wrap_container=&#8221;yes&#8221; el_class=&#8221;p-t-xxl&#8221;][vc_column][vc_custom_heading text=&#8221;\u00daltimas <b>Not\u00edcias<\/b>&#8221; font_container=&#8221;tag:h2|font_size:30|text_align:left&#8221; use_theme_fonts=&#8221;yes&#8221;]<div class=\"porto-recent-posts wpb_content_element  wpb_custom_a737afa8863bff4e582ded544110986f\">\t<div class=\"post-carousel porto-carousel owl-carousel has-ccols ccols-1 ccols-lg-3 ccols-md-3 ccols-sm-2 has-ccols-spacing\" data-plugin-options=\"{&quot;themeConfig&quot;:true,&quot;nav&quot;:false,&quot;dots&quot;:&quot;yes&quot;,&quot;lg&quot;:3,&quot;md&quot;:3,&quot;sm&quot;:2,&quot;margin&quot;:30}\">\n\t\t<div class=\"post-slide\"><div class=\"post-item with-btn\">\n\t\t<a aria-label=\"Go to post page\" href=\"https:\/\/dornelesassessoria.com.br\/index.php\/2022\/01\/03\/simples-nacional-saiba-como-solicitar-enquadramento-em-2022\/\"> <span class=\"post-image thumb-info thumb-info-hide-wrapper-bg thumb-info-no-zoom m-b-md\"> <span class=\"thumb-info-wrapper\"> <img loading=\"lazy\" decoding=\"async\" class=\"img-responsive\" width=\"450\" height=\"231\" src=\"https:\/\/dornelesassessoria.com.br\/wp-content\/uploads\/2022\/01\/n_49839_7c1f77d3ecf690ed0973c0cf56ef7a4f-450x231.jpg\" alt=\"\" \/>\n\t\t\t<span class=\"zoom\" data-src=\"https:\/\/dornelesassessoria.com.br\/wp-content\/uploads\/2022\/01\/n_49839_7c1f77d3ecf690ed0973c0cf56ef7a4f.jpg\" data-title=\"\"><i class=\"fas fa-search\"><\/i><\/span>\n\t\t<\/span> <\/span> <\/a>\n\t\t\t<div class=\"post-date\">\n\t\t<span class=\"day\">03<\/span><span class=\"month\">jan<\/span><time datetime=\"2022-01-03\">3 de janeiro de 2022<\/time>\t<\/div>\n\t\t\t<h4><a href=\"https:\/\/dornelesassessoria.com.br\/index.php\/2022\/01\/03\/simples-nacional-saiba-como-solicitar-enquadramento-em-2022\/\">\n\t\tSimples Nacional: saiba como solicitar enquadramento em 2022\t<\/a><\/h4>\n\t\t<p class=\"post-excerpt\">Um novo ano est\u00e1 chegando e, com ele, a revis\u00e3o de faturamento e o planejamento tribut\u00e1rio de muitas empresas.\r\n\r\nAs organiza\u00e7\u00f5es...<\/p> <a href=\"https:\/\/dornelesassessoria.com.br\/index.php\/2022\/01\/03\/simples-nacional-saiba-como-solicitar-enquadramento-em-2022\/\" class=\"btn btn-normal btn-quaternary  m-t-md m-b-md\">Read More<\/a> <\/div>\n\t<\/div><div class=\"post-slide\"><div class=\"post-item with-btn\">\n\t\t<a aria-label=\"Go to post page\" href=\"https:\/\/dornelesassessoria.com.br\/index.php\/2022\/01\/03\/inss-quando-compensa-descartar-salarios-da-aposentadoria-para-aumentar-valor-do-beneficio\/\"> <span class=\"post-image thumb-info thumb-info-hide-wrapper-bg thumb-info-no-zoom m-b-md\"> <span class=\"thumb-info-wrapper\"> <img loading=\"lazy\" decoding=\"async\" class=\"img-responsive\" width=\"450\" height=\"231\" src=\"https:\/\/dornelesassessoria.com.br\/wp-content\/uploads\/2022\/01\/n_49794_f4d79e5a75ab2ff440b5b7287f13c610-450x231.jpg\" alt=\"\" \/>\n\t\t\t<span class=\"zoom\" data-src=\"https:\/\/dornelesassessoria.com.br\/wp-content\/uploads\/2022\/01\/n_49794_f4d79e5a75ab2ff440b5b7287f13c610.jpg\" data-title=\"\"><i class=\"fas fa-search\"><\/i><\/span>\n\t\t<\/span> <\/span> <\/a>\n\t\t\t<div class=\"post-date\">\n\t\t<span class=\"day\">03<\/span><span class=\"month\">jan<\/span><time datetime=\"2022-01-03\">3 de janeiro de 2022<\/time>\t<\/div>\n\t\t\t<h4><a href=\"https:\/\/dornelesassessoria.com.br\/index.php\/2022\/01\/03\/inss-quando-compensa-descartar-salarios-da-aposentadoria-para-aumentar-valor-do-beneficio\/\">\n\t\tINSS: quando compensa descartar sal\u00e1rios da aposentadoria para aumentar valor do benef\u00edcio?\t<\/a><\/h4>\n\t\t<p class=\"post-excerpt\">Para aumentar o valor da\u00a0aposentadoria,\u00a0trabalhadores que v\u00e3o ingressar com o pedido e quem t\u00eam mais do que o tempo m\u00ednimo...<\/p> <a href=\"https:\/\/dornelesassessoria.com.br\/index.php\/2022\/01\/03\/inss-quando-compensa-descartar-salarios-da-aposentadoria-para-aumentar-valor-do-beneficio\/\" class=\"btn btn-normal btn-quaternary  m-t-md m-b-md\">Read More<\/a> <\/div>\n\t<\/div><div class=\"post-slide\"><div class=\"post-item with-btn\">\n\t\t<a aria-label=\"Go to post page\" href=\"https:\/\/dornelesassessoria.com.br\/index.php\/2022\/01\/03\/pesquisa-aponta-que-44-dos-jovens-se-baseiam-nas-redes-sociais-para-investir\/\"> <span class=\"post-image thumb-info thumb-info-hide-wrapper-bg thumb-info-no-zoom m-b-md\"> <span class=\"thumb-info-wrapper\"> <img loading=\"lazy\" decoding=\"async\" class=\"img-responsive\" width=\"450\" height=\"231\" src=\"https:\/\/dornelesassessoria.com.br\/wp-content\/uploads\/2022\/01\/n_49796_13df25d0ce88926d55198c209aecc589-450x231.jpg\" alt=\"\" \/>\n\t\t\t<span class=\"zoom\" data-src=\"https:\/\/dornelesassessoria.com.br\/wp-content\/uploads\/2022\/01\/n_49796_13df25d0ce88926d55198c209aecc589.jpg\" data-title=\"\"><i class=\"fas fa-search\"><\/i><\/span>\n\t\t<\/span> <\/span> <\/a>\n\t\t\t<div class=\"post-date\">\n\t\t<span class=\"day\">03<\/span><span class=\"month\">jan<\/span><time datetime=\"2022-01-03\">3 de janeiro de 2022<\/time>\t<\/div>\n\t\t\t<h4><a href=\"https:\/\/dornelesassessoria.com.br\/index.php\/2022\/01\/03\/pesquisa-aponta-que-44-dos-jovens-se-baseiam-nas-redes-sociais-para-investir\/\">\n\t\tPesquisa aponta que 44% dos jovens se baseiam nas redes sociais para investir\t<\/a><\/h4>\n\t\t<p class=\"post-excerpt\">Segundo o levantamento, 64% dos entrevistados acham que \u00e9 poss\u00edvel ganhar muito dinheiro em pouco tempo com base em dicas...<\/p> <a href=\"https:\/\/dornelesassessoria.com.br\/index.php\/2022\/01\/03\/pesquisa-aponta-que-44-dos-jovens-se-baseiam-nas-redes-sociais-para-investir\/\" class=\"btn btn-normal btn-quaternary  m-t-md m-b-md\">Read More<\/a> <\/div>\n\t<\/div><div class=\"post-slide\"><div class=\"post-item with-btn\">\n\t\t<a aria-label=\"Go to post page\" href=\"https:\/\/dornelesassessoria.com.br\/index.php\/2022\/01\/02\/com-aumento-significativo-mulheres-ja-representam-mais-de-48-dos-empreendedores-no-pais\/\"> <span class=\"post-image thumb-info thumb-info-hide-wrapper-bg thumb-info-no-zoom m-b-md\"> <span class=\"thumb-info-wrapper\"> <img loading=\"lazy\" decoding=\"async\" class=\"img-responsive\" width=\"450\" height=\"231\" src=\"https:\/\/dornelesassessoria.com.br\/wp-content\/uploads\/2022\/01\/n_49761_998ecb18c629f1bbc0e693184f18df24-450x231.jpg\" alt=\"\" \/>\n\t\t\t<span class=\"zoom\" data-src=\"https:\/\/dornelesassessoria.com.br\/wp-content\/uploads\/2022\/01\/n_49761_998ecb18c629f1bbc0e693184f18df24.jpg\" data-title=\"\"><i class=\"fas fa-search\"><\/i><\/span>\n\t\t<\/span> <\/span> <\/a>\n\t\t\t<div class=\"post-date\">\n\t\t<span class=\"day\">02<\/span><span class=\"month\">jan<\/span><time datetime=\"2022-01-02\">2 de janeiro de 2022<\/time>\t<\/div>\n\t\t\t<h4><a href=\"https:\/\/dornelesassessoria.com.br\/index.php\/2022\/01\/02\/com-aumento-significativo-mulheres-ja-representam-mais-de-48-dos-empreendedores-no-pais\/\">\n\t\tCom aumento significativo, mulheres j\u00e1 representam mais de 48% dos empreendedores no pa\u00eds\t<\/a><\/h4>\n\t\t<p class=\"post-excerpt\">Atualmente existem cerca de 30 milh\u00f5es de brasileiras empreendedoras no pa\u00eds, representando 48,7% de todo o mercado. Os dados s\u00e3o...<\/p> <a href=\"https:\/\/dornelesassessoria.com.br\/index.php\/2022\/01\/02\/com-aumento-significativo-mulheres-ja-representam-mais-de-48-dos-empreendedores-no-pais\/\" class=\"btn btn-normal btn-quaternary  m-t-md m-b-md\">Read More<\/a> <\/div>\n\t<\/div><div class=\"post-slide\"><div class=\"post-item with-btn\">\n\t\t<a aria-label=\"Go to post page\" href=\"https:\/\/dornelesassessoria.com.br\/index.php\/2022\/01\/02\/calendario-2022-confira-as-datas-que-o-empreendedor-deve-ficar-de-olho-para-aumentar-suas-vendas\/\"> <span class=\"post-image thumb-info thumb-info-hide-wrapper-bg thumb-info-no-zoom m-b-md\"> <span class=\"thumb-info-wrapper\"> <img loading=\"lazy\" decoding=\"async\" class=\"img-responsive\" width=\"450\" height=\"231\" src=\"https:\/\/dornelesassessoria.com.br\/wp-content\/uploads\/2022\/01\/n_49799_d2502496974aa3c2aef7c73df640c3a3-450x231.jpg\" alt=\"\" \/>\n\t\t\t<span class=\"zoom\" data-src=\"https:\/\/dornelesassessoria.com.br\/wp-content\/uploads\/2022\/01\/n_49799_d2502496974aa3c2aef7c73df640c3a3.jpg\" data-title=\"\"><i class=\"fas fa-search\"><\/i><\/span>\n\t\t<\/span> <\/span> <\/a>\n\t\t\t<div class=\"post-date\">\n\t\t<span class=\"day\">02<\/span><span class=\"month\">jan<\/span><time datetime=\"2022-01-02\">2 de janeiro de 2022<\/time>\t<\/div>\n\t\t\t<h4><a href=\"https:\/\/dornelesassessoria.com.br\/index.php\/2022\/01\/02\/calendario-2022-confira-as-datas-que-o-empreendedor-deve-ficar-de-olho-para-aumentar-suas-vendas\/\">\n\t\tCalend\u00e1rio 2022: confira as datas que o empreendedor deve ficar de olho para aumentar suas vendas\t<\/a><\/h4>\n\t\t<p class=\"post-excerpt\">O pr\u00f3ximo ano j\u00e1 est\u00e1 a\u00ed e com isso as empresas n\u00e3o podem esperar muito para come\u00e7ar o planejamento de...<\/p> <a href=\"https:\/\/dornelesassessoria.com.br\/index.php\/2022\/01\/02\/calendario-2022-confira-as-datas-que-o-empreendedor-deve-ficar-de-olho-para-aumentar-suas-vendas\/\" class=\"btn btn-normal btn-quaternary  m-t-md m-b-md\">Read More<\/a> <\/div>\n\t<\/div><div class=\"post-slide\"><div class=\"post-item with-btn\">\n\t\t<a aria-label=\"Go to post page\" href=\"https:\/\/dornelesassessoria.com.br\/index.php\/2022\/01\/02\/mei-pode-realizar-anuncios-patrocinados-nas-redes-sociais-entenda-a-finalidade-e-dicas-sobre-como-fazer\/\"> <span class=\"post-image thumb-info thumb-info-hide-wrapper-bg thumb-info-no-zoom m-b-md\"> <span class=\"thumb-info-wrapper\"> <img loading=\"lazy\" decoding=\"async\" class=\"img-responsive\" width=\"450\" height=\"231\" src=\"https:\/\/dornelesassessoria.com.br\/wp-content\/uploads\/2022\/01\/n_49798_145ad461d3e775990f63f4f579576fa8-450x231.jpg\" alt=\"\" \/>\n\t\t\t<span class=\"zoom\" data-src=\"https:\/\/dornelesassessoria.com.br\/wp-content\/uploads\/2022\/01\/n_49798_145ad461d3e775990f63f4f579576fa8.jpg\" data-title=\"\"><i class=\"fas fa-search\"><\/i><\/span>\n\t\t<\/span> <\/span> <\/a>\n\t\t\t<div class=\"post-date\">\n\t\t<span class=\"day\">02<\/span><span class=\"month\">jan<\/span><time datetime=\"2022-01-02\">2 de janeiro de 2022<\/time>\t<\/div>\n\t\t\t<h4><a href=\"https:\/\/dornelesassessoria.com.br\/index.php\/2022\/01\/02\/mei-pode-realizar-anuncios-patrocinados-nas-redes-sociais-entenda-a-finalidade-e-dicas-sobre-como-fazer\/\">\n\t\tMEI pode realizar an\u00fancios patrocinados nas redes sociais, entenda a finalidade e dicas sobre como fazer\t<\/a><\/h4>\n\t\t<p class=\"post-excerpt\">Os an\u00fancios patrocinados, vistos e sinalizados como publi posts nas redes sociais, podem (e devem) ser usados pelo Microempreendedor Individual...<\/p> <a href=\"https:\/\/dornelesassessoria.com.br\/index.php\/2022\/01\/02\/mei-pode-realizar-anuncios-patrocinados-nas-redes-sociais-entenda-a-finalidade-e-dicas-sobre-como-fazer\/\" class=\"btn btn-normal btn-quaternary  m-t-md m-b-md\">Read More<\/a> <\/div>\n\t<\/div><div class=\"post-slide\"><div class=\"post-item with-btn\">\n\t\t<a aria-label=\"Go to post page\" href=\"https:\/\/dornelesassessoria.com.br\/index.php\/2021\/12\/31\/confira-dicas-para-melhorar-a-comunicacao-interna-nas-empresas-neste-novo-ano\/\"> <span class=\"post-image thumb-info thumb-info-hide-wrapper-bg thumb-info-no-zoom m-b-md\"> <span class=\"thumb-info-wrapper\"> <img loading=\"lazy\" decoding=\"async\" class=\"img-responsive\" width=\"450\" height=\"231\" src=\"https:\/\/dornelesassessoria.com.br\/wp-content\/uploads\/2022\/01\/n_49797_11aac2b56d91d434a9d2ce2b259e18ce-450x231.jpg\" alt=\"\" \/>\n\t\t\t<span class=\"zoom\" data-src=\"https:\/\/dornelesassessoria.com.br\/wp-content\/uploads\/2022\/01\/n_49797_11aac2b56d91d434a9d2ce2b259e18ce.jpg\" data-title=\"\"><i class=\"fas fa-search\"><\/i><\/span>\n\t\t<\/span> <\/span> <\/a>\n\t\t\t<div class=\"post-date\">\n\t\t<span class=\"day\">31<\/span><span class=\"month\">dez<\/span><time datetime=\"2021-12-31\">31 de dezembro de 2021<\/time>\t<\/div>\n\t\t\t<h4><a href=\"https:\/\/dornelesassessoria.com.br\/index.php\/2021\/12\/31\/confira-dicas-para-melhorar-a-comunicacao-interna-nas-empresas-neste-novo-ano\/\">\n\t\tConfira dicas para melhorar a comunica\u00e7\u00e3o interna nas empresas neste novo ano\t<\/a><\/h4>\n\t\t<p class=\"post-excerpt\">A pandemia acelerou a transforma\u00e7\u00e3o digital e a migra\u00e7\u00e3o dos profissionais para o trabalho remoto e regimes h\u00edbridos. Sem a...<\/p> <a href=\"https:\/\/dornelesassessoria.com.br\/index.php\/2021\/12\/31\/confira-dicas-para-melhorar-a-comunicacao-interna-nas-empresas-neste-novo-ano\/\" class=\"btn btn-normal btn-quaternary  m-t-md m-b-md\">Read More<\/a> <\/div>\n\t<\/div><div class=\"post-slide\"><div class=\"post-item with-btn\">\n\t\t<a aria-label=\"Go to post page\" href=\"https:\/\/dornelesassessoria.com.br\/index.php\/2021\/12\/30\/sst-entenda-importancia-dos-dados-da-saude-e-seguranca-do-trabalho-para-o-esocial\/\"> <span class=\"post-image thumb-info thumb-info-hide-wrapper-bg thumb-info-no-zoom m-b-md\"> <span class=\"thumb-info-wrapper\"> <img loading=\"lazy\" decoding=\"async\" class=\"img-responsive\" width=\"450\" height=\"231\" src=\"https:\/\/dornelesassessoria.com.br\/wp-content\/uploads\/2022\/01\/n_49843_d9798cdf31c02d86b8b81cc119d94836-450x231.jpg\" alt=\"\" \/>\n\t\t\t<span class=\"zoom\" data-src=\"https:\/\/dornelesassessoria.com.br\/wp-content\/uploads\/2022\/01\/n_49843_d9798cdf31c02d86b8b81cc119d94836.jpg\" data-title=\"\"><i class=\"fas fa-search\"><\/i><\/span>\n\t\t<\/span> <\/span> <\/a>\n\t\t\t<div class=\"post-date\">\n\t\t<span class=\"day\">30<\/span><span class=\"month\">dez<\/span><time datetime=\"2021-12-30\">30 de dezembro de 2021<\/time>\t<\/div>\n\t\t\t<h4><a href=\"https:\/\/dornelesassessoria.com.br\/index.php\/2021\/12\/30\/sst-entenda-importancia-dos-dados-da-saude-e-seguranca-do-trabalho-para-o-esocial\/\">\n\t\tSST: entenda import\u00e2ncia dos dados da sa\u00fade e seguran\u00e7a do trabalho para o eSocial\t<\/a><\/h4>\n\t\t<p class=\"post-excerpt\">A sa\u00fade e seguran\u00e7a do trabalho \u00e9 uma \u00e1rea especializada em cuidar da sa\u00fade dos colaboradores e em prevenir\u00a0 acidentes...<\/p> <a href=\"https:\/\/dornelesassessoria.com.br\/index.php\/2021\/12\/30\/sst-entenda-importancia-dos-dados-da-saude-e-seguranca-do-trabalho-para-o-esocial\/\" class=\"btn btn-normal btn-quaternary  m-t-md m-b-md\">Read More<\/a> <\/div>\n\t<\/div><div class=\"post-slide\"><div class=\"post-item with-btn\">\n\t\t<a aria-label=\"Go to post page\" href=\"https:\/\/dornelesassessoria.com.br\/index.php\/2021\/12\/29\/estudo-mostra-que-83-das-empresas-brasileiras-devem-aumentar-os-gastos-com-ciberseguranca-em-2022\/\"> <span class=\"post-image thumb-info thumb-info-hide-wrapper-bg thumb-info-no-zoom m-b-md\"> <span class=\"thumb-info-wrapper\"> <img loading=\"lazy\" decoding=\"async\" class=\"img-responsive\" width=\"450\" height=\"231\" src=\"https:\/\/dornelesassessoria.com.br\/wp-content\/uploads\/2022\/01\/n_49793_e9dbf73e0d8bc156c57df6bab18257c9-450x231.jpg\" alt=\"\" \/>\n\t\t\t<span class=\"zoom\" data-src=\"https:\/\/dornelesassessoria.com.br\/wp-content\/uploads\/2022\/01\/n_49793_e9dbf73e0d8bc156c57df6bab18257c9.jpg\" data-title=\"\"><i class=\"fas fa-search\"><\/i><\/span>\n\t\t<\/span> <\/span> <\/a>\n\t\t\t<div class=\"post-date\">\n\t\t<span class=\"day\">29<\/span><span class=\"month\">dez<\/span><time datetime=\"2021-12-29\">29 de dezembro de 2021<\/time>\t<\/div>\n\t\t\t<h4><a href=\"https:\/\/dornelesassessoria.com.br\/index.php\/2021\/12\/29\/estudo-mostra-que-83-das-empresas-brasileiras-devem-aumentar-os-gastos-com-ciberseguranca-em-2022\/\">\n\t\tEstudo mostra que 83% das empresas brasileiras devem aumentar os gastos com ciberseguran\u00e7a em 2022\t<\/a><\/h4>\n\t\t<p class=\"post-excerpt\">Ataques hackers est\u00e3o entre as principais preocupa\u00e7\u00f5es dos gestores em 2021. A cada amea\u00e7a, \u00e9 preciso preparar diferentes respostas, desenvolver...<\/p> <a href=\"https:\/\/dornelesassessoria.com.br\/index.php\/2021\/12\/29\/estudo-mostra-que-83-das-empresas-brasileiras-devem-aumentar-os-gastos-com-ciberseguranca-em-2022\/\" class=\"btn btn-normal btn-quaternary  m-t-md m-b-md\">Read More<\/a> <\/div>\n\t<\/div>\t<\/div>\n\t<\/div>[vc_empty_space height=&#8221;40px&#8221;][\/vc_column][\/vc_row][vc_row][vc_column][vc_column_text]<\/p>\n<p>[\/vc_column_text][\/vc_column][\/vc_row]<\/p>\n<\/div>","protected":false},"excerpt":{"rendered":"<p>[vc_row wrap_container=&#8221;yes&#8221; gap=&#8221;1&#8243; el_class=&#8221;p-t-xxl&#8221; conditional_render=&#8221;%5B%7B%22value_role%22%3A%22administrator%22%7D%5D&#8221; css_params=&#8221;&#8221;][vc_column width=&#8221;5\/6&#8243; offset=&#8221;vc_col-sm-offset-1&#8243;][vc_column_text] O dia a dia do contador envolve troca de informa\u00e7\u00f5es com seu cliente e a velocidade nessa comunica\u00e7\u00e3o influencia diretamente nas rotinas trazendo, ou n\u00e3o, otimiza\u00e7\u00e3o e praticidade para todos. [\/vc_column_text][\/vc_column][\/vc_row][vc_row wrap_container=&#8221;yes&#8221; no_padding=&#8221;yes&#8221; el_class=&#8221;p-b-md&#8221; css=&#8221;.vc_custom_1641215279453{padding-top: 60px !important;padding-bottom: 60px !important;background-color: #f4f4f4 !important;}&#8221;][vc_column el_class=&#8221;info-box-small-wrap section-info-boxes&#8221;][vc_custom_heading text=&#8221;Nossos Servi\u00e7os&#8221; font_container=&#8221;tag:h2|font_size:28|text_align:left&#8221; use_theme_fonts=&#8221;yes&#8221;][vc_row_inner][vc_column_inner [&hellip;]<\/p>\n","protected":false},"author":3,"featured_media":0,"parent":0,"menu_order":0,"comment_status":"closed","ping_status":"closed","template":"","meta":{"footnotes":""},"class_list":["post-143","page","type-page","status-publish","hentry"],"_links":{"self":[{"href":"https:\/\/dornelesassessoria.com.br\/index.php\/wp-json\/wp\/v2\/pages\/143","targetHints":{"allow":["GET"]}}],"collection":[{"href":"https:\/\/dornelesassessoria.com.br\/index.php\/wp-json\/wp\/v2\/pages"}],"about":[{"href":"https:\/\/dornelesassessoria.com.br\/index.php\/wp-json\/wp\/v2\/types\/page"}],"author":[{"embeddable":true,"href":"https:\/\/dornelesassessoria.com.br\/index.php\/wp-json\/wp\/v2\/users\/3"}],"replies":[{"embeddable":true,"href":"https:\/\/dornelesassessoria.com.br\/index.php\/wp-json\/wp\/v2\/comments?post=143"}],"version-history":[{"count":249,"href":"https:\/\/dornelesassessoria.com.br\/index.php\/wp-json\/wp\/v2\/pages\/143\/revisions"}],"predecessor-version":[{"id":3131,"href":"https:\/\/dornelesassessoria.com.br\/index.php\/wp-json\/wp\/v2\/pages\/143\/revisions\/3131"}],"wp:attachment":[{"href":"https:\/\/dornelesassessoria.com.br\/index.php\/wp-json\/wp\/v2\/media?parent=143"}],"curies":[{"name":"wp","href":"https:\/\/api.w.org\/{rel}","templated":true}]}}